
{"id":52,"date":"2018-02-06T08:32:34","date_gmt":"2018-02-06T07:32:34","guid":{"rendered":"https:\/\/websites.fraunhofer.de\/smart-ai-work\/?page_id=52"},"modified":"2021-07-09T14:15:01","modified_gmt":"2021-07-09T12:15:01","slug":"partner","status":"publish","type":"page","link":"https:\/\/www.smart-ai-work.de\/index.php\/partner\/","title":{"rendered":"Partner"},"content":{"rendered":"<section id=\"iao\" class=\"partner-spalten\">\n<div class=\"partner-logo\"><a href=\"http:\/\/www.dlpm.iao.fraunhofer.de\/\"><img decoding=\"async\" loading=\"lazy\" class=\"aligncenter wp-image-600 size-medium\" src=\"https:\/\/www.smart-ai-work.de\/wp-content\/uploads\/2018\/07\/wp-partner-logo-1-fraunhofer-iao-300x82.png\" alt=\"Logo des Fraunhofer IAO\" width=\"300\" height=\"82\" srcset=\"https:\/\/www.smart-ai-work.de\/wp-content\/uploads\/2018\/07\/wp-partner-logo-1-fraunhofer-iao-300x82.png 300w, https:\/\/www.smart-ai-work.de\/wp-content\/uploads\/2018\/07\/wp-partner-logo-1-fraunhofer-iao-768x209.png 768w, https:\/\/www.smart-ai-work.de\/wp-content\/uploads\/2018\/07\/wp-partner-logo-1-fraunhofer-iao-1024x279.png 1024w, https:\/\/www.smart-ai-work.de\/wp-content\/uploads\/2018\/07\/wp-partner-logo-1-fraunhofer-iao-570x155.png 570w, https:\/\/www.smart-ai-work.de\/wp-content\/uploads\/2018\/07\/wp-partner-logo-1-fraunhofer-iao.png 1280w\" sizes=\"(max-width: 300px) 100vw, 300px\" \/><\/a><br \/>\n<button class=\"button-partner\" style=\"vertical-align: middle;\">Zur Homepage <\/button><\/div>\n<div class=\"partner-beschreibung\">\n<p><strong>Zur Organisation<\/strong><\/p>\n<p>Das Fraunhofer IAO besch\u00e4ftigt sich mit der integrierten Planung und Optimierung innovativer Produkte und Dienstleistungen unter Ber\u00fccksichtigung von Mensch, Organisation, Technik und Umwelt. Dabei nimmt die, mit Unternehmen, Institutionen und Einrichtungen der \u00f6ffentlichen Hand stattfindende Entwicklung von Strategien, Gesch\u00e4ftsmodellen sowie Arbeitsgestaltungs- und Qualifizierungsl\u00f6sungen f\u00fcr die digitale Transformation breiten Raum ein.<\/p>\n<p>Im Verbundprojekt \u00bbSmartAIwork\u00ab leitet und koordiniert das Fraunhofer IAO das Projektkonsortium. Die Aufgaben des IAO im Projektverbund bestehen in der Entwicklung von Optionen der Arbeitssystemgestaltung und Kompetenzentwicklung sowie in der Bewertung technischer KI-L\u00f6sungen.<\/p>\n<\/div>\n<div class=\"partner-kontakt\">\n<p><strong>Anschrift<\/strong><br \/>\nFraunhofer-Institut f\u00fcr Arbeitswirtschaft und Organisation IAO<br \/>\nDienstleistungs- und Personalmanagement<br \/>\nNobelstra\u00dfe 12<br \/>\n70569 Stuttgart<\/p>\n<\/div>\n<\/section>\n<p><!-- iao --><\/p>\n<section id=\"schimmel\" class=\"partner-spalten\">\n<div class=\"partner-logo\"><a href=\"http:\/\/www.acatech.de\/Projekt\/smartaiwork-zukunft-der-betriebsablaeufe\/\"><img decoding=\"async\" loading=\"lazy\" class=\"aligncenter wp-image-619 size-medium\" src=\"https:\/\/www.smart-ai-work.de\/wp-content\/uploads\/2018\/07\/Deutsche_Akademie_der_Technikwissenschaften_Logo-300x127.png\" alt=\"\" width=\"300\" height=\"127\" srcset=\"https:\/\/www.smart-ai-work.de\/wp-content\/uploads\/2018\/07\/Deutsche_Akademie_der_Technikwissenschaften_Logo-300x127.png 300w, https:\/\/www.smart-ai-work.de\/wp-content\/uploads\/2018\/07\/Deutsche_Akademie_der_Technikwissenschaften_Logo-768x326.png 768w, https:\/\/www.smart-ai-work.de\/wp-content\/uploads\/2018\/07\/Deutsche_Akademie_der_Technikwissenschaften_Logo-1024x434.png 1024w, https:\/\/www.smart-ai-work.de\/wp-content\/uploads\/2018\/07\/Deutsche_Akademie_der_Technikwissenschaften_Logo-570x242.png 570w, https:\/\/www.smart-ai-work.de\/wp-content\/uploads\/2018\/07\/Deutsche_Akademie_der_Technikwissenschaften_Logo.png 1073w\" sizes=\"(max-width: 300px) 100vw, 300px\" \/><\/a><br \/>\n<button class=\"button-partner\" style=\"vertical-align: middle;\">Zur Homepage <\/button><\/div>\n<div class=\"partner-beschreibung\">\n<p><strong>Zur Organisation<\/strong><\/p>\n<p>acatech \u2013 Deutsche Akademie der Technikwissenschaften e.V. ist die von Bund und L\u00e4ndern gef\u00f6rderte nationale Akademie und Stimme der Technikwissenschaften im In- und Ausland. Wir beraten Politik und Gesellschaft in technikwissenschaftlichen und technologiepolitischen Zukunftsfragen. Unter der Schirmherrschaft des Bundespr\u00e4sidenten erf\u00fcllen wir unseren Beratungsauftrag unabh\u00e4ngig, wissenschaftsbasiert und gemeinwohlorientiert.<\/p>\n<p>Im Rahmen des Verbundprojekts beschreibt acatech Potenziale und Risiken von <span class='tooltipsall tooltipsincontent classtoolTips0'>K\u00fcnstlicher Intelligenz<\/span> (KI) in sachbearbeitenden Systemen (technologischer Entwicklungsstand, aktuelle Forschungsperspektiven f\u00fcr angewandte KI sowie F&amp;E-Empfehlungen).<\/p>\n<\/div>\n<div class=\"partner-kontakt\">\n<p><strong>Anschrift<\/strong><\/p>\n<p>acatech \u2013 Deutsche Akademie der Technikwissenschaften<br \/>\nBereich Bildung und Fachkr\u00e4fte<br \/>\nKarolinenplatz 4<br \/>\n80333 M\u00fcnchen<\/p>\n<\/div>\n<\/section>\n<p><!-- acatech --><\/p>\n<section id=\"schimmel2\" class=\"partner-spalten\">\n<div class=\"partner-logo\"><a href=\"http:\/\/www.wohnbad.com\/\"><img decoding=\"async\" loading=\"lazy\" class=\"size-medium wp-image-840 aligncenter\" src=\"https:\/\/www.smart-ai-work.de\/wp-content\/uploads\/2018\/08\/schimmel-logo-300x58.png\" alt=\"\" width=\"300\" height=\"58\" srcset=\"https:\/\/www.smart-ai-work.de\/wp-content\/uploads\/2018\/08\/schimmel-logo-300x58.png 300w, https:\/\/www.smart-ai-work.de\/wp-content\/uploads\/2018\/08\/schimmel-logo-570x113.png 570w, https:\/\/www.smart-ai-work.de\/wp-content\/uploads\/2018\/08\/schimmel-logo.png 588w\" sizes=\"(max-width: 300px) 100vw, 300px\" \/><\/a><br \/>\n<button class=\"button-partner\" style=\"vertical-align: middle;\">Zur Homepage <\/button><\/div>\n<div class=\"partner-beschreibung\">\n<p><strong>Zur Organisation<\/strong><\/p>\n<p>Die bad &amp; heizung Schimmel GmbH ist ein Handwerksunternehmen, dessen Dienstleistungen alle Gesch\u00e4ftsfelder des SHK-Handwerks (Sanit\u00e4r, Heizung, Klima) umfassen. Neben der Komplettbad-Modernisierung, liegt ein Kompetenzschwerpunkt der bad &amp; heizung Schimmel GmbH im Bereich der Energieeffizienz, der unter anderem als Anwendungspartner in Klima und Energie Forschungsprojekten aufgebaut wurde.<\/p>\n<p>Im \u00bbSmartAIwork\u00ab-Pilotprojekt der bad &amp; heizung Schimmel GmbH wird eine L\u00f6sung f\u00fcr den produktivit\u00e4tssteigernden Einsatz von KI-Technologie in einem Fakturierungsprozess bei der Modernisierung von KfW-dena-Effizienzh\u00e4usern entwickelt und pilotiert.<\/p>\n<p>Weitere Informationen der bad &amp; heizung Schimmel GmbH \u00fcber deren Aktivit\u00e4ten und Positionen bez\u00fcglich Digitalisierung und KI:<\/p>\n<p><a href=\"https:\/\/www.smart-ai-work.de\/wp-content\/uploads\/2021\/07\/20210701-Customer-Journey-und-Entwicklg.-der-Bauprojektbearbeitung-in-D.pdf\" target=\"_blank\" rel=\"noopener\">Customer Journey und Entwicklung der Bauprojektbearbeitung<\/a><\/p>\n<p><a href=\"https:\/\/www.smart-ai-work.de\/wp-content\/uploads\/2021\/07\/Auf-dem-Weg-in-die-Arbeitswelt-4.0-und-Historie-der-Bauprojektbearbeitung-in-Deutschland_1.pdf\" target=\"_blank\" rel=\"noopener\">Poster: Historie und Zukunftsbild der Bauprojektbearbeitung<\/a><\/p>\n<\/div>\n<div class=\"partner-kontakt\">\n<p><strong>Anschrift<\/strong><\/p>\n<p>bad &amp; heizung Schimmel GmbH<br \/>\nStephanstra\u00dfe 7<br \/>\n95032 Hof<\/p>\n<\/div>\n<\/section>\n<p><!-- schimmel--><\/p>\n<section id=\"iat\" class=\"partner-spalten\">\n<div class=\"partner-logo\"><a href=\"http:\/\/www.iat.uni-stuttgart.de\/\"><img decoding=\"async\" loading=\"lazy\" class=\"aligncenter size-medium wp-image-627\" src=\"https:\/\/www.smart-ai-work.de\/wp-content\/uploads\/2018\/07\/iat_85mm_ok-300x85.jpg\" alt=\"\" width=\"300\" height=\"85\" srcset=\"https:\/\/www.smart-ai-work.de\/wp-content\/uploads\/2018\/07\/iat_85mm_ok-300x85.jpg 300w, https:\/\/www.smart-ai-work.de\/wp-content\/uploads\/2018\/07\/iat_85mm_ok-768x217.jpg 768w, https:\/\/www.smart-ai-work.de\/wp-content\/uploads\/2018\/07\/iat_85mm_ok-570x161.jpg 570w, https:\/\/www.smart-ai-work.de\/wp-content\/uploads\/2018\/07\/iat_85mm_ok.jpg 1022w\" sizes=\"(max-width: 300px) 100vw, 300px\" \/><\/a><br \/>\n<button class=\"button-partner\" style=\"vertical-align: middle;\">Zur Homepage <\/button><\/div>\n<div class=\"partner-beschreibung\">\n<p><strong>Zur Organisation<\/strong><\/p>\n<p>Das Institut f\u00fcr Arbeitswissenschaft und Technologiemanagement IAT der Universit\u00e4t Stuttgart ist per Kooperationsvertrag mit dem Fraunhofer IAO verbunden und besch\u00e4ftigt sich mit der integrierten Planung, Gestaltung und Optimierung innovativer Produkte, Prozesse und Strukturen. Da beide Institute als gemeinsamer Betrieb organisiert sind, k\u00f6nnen diese universit\u00e4re Grundlagenforschung mit angewandter Auftragsforschung verkn\u00fcpfen und in zahlreichen Projekten mit der Wirtschaft praxisnah umsetzen.<\/p>\n<p>Im Verbundprojekt \u00bbSmartAIwork\u00ab ist das Ziel dieses Teilvorhabens, bestehende und zuk\u00fcnftige technische Potenziale f\u00fcr Betriebsabl\u00e4ufe, insbesondere im Bereich der Sachbearbeitung, die durch KI-Technologien entstehen, zu erkennen und (insbesondere kleine und mittelst\u00e4ndische) Unternehmen zu ihrer Verwirklichung zu bef\u00e4higen.<\/p>\n<\/div>\n<div class=\"partner-kontakt\">\n<p><strong>Anschrift<\/strong><\/p>\n<p>Universit\u00e4t Stuttgart IAT<br \/>\nNobelstra\u00dfe 12<br \/>\n70569 Stuttgart<\/p>\n<\/div>\n<\/section>\n<p><!-- iat --><\/p>\n<section id=\"igm\" class=\"partner-spalten\">\n<div class=\"partner-logo\"><a href=\"https:\/\/www.igmetall.de\/engineering-8357.htm\"><img decoding=\"async\" loading=\"lazy\" class=\"aligncenter wp-image-631 size-medium\" src=\"https:\/\/www.smart-ai-work.de\/wp-content\/uploads\/2018\/07\/docs_0032521_DINA5_RGB_86ca4b69a41369f79855c523a1ab9d615ddc4c0f-300x300.jpg\" alt=\"\" width=\"300\" height=\"300\" srcset=\"https:\/\/www.smart-ai-work.de\/wp-content\/uploads\/2018\/07\/docs_0032521_DINA5_RGB_86ca4b69a41369f79855c523a1ab9d615ddc4c0f-300x300.jpg 300w, https:\/\/www.smart-ai-work.de\/wp-content\/uploads\/2018\/07\/docs_0032521_DINA5_RGB_86ca4b69a41369f79855c523a1ab9d615ddc4c0f-150x150.jpg 150w, https:\/\/www.smart-ai-work.de\/wp-content\/uploads\/2018\/07\/docs_0032521_DINA5_RGB_86ca4b69a41369f79855c523a1ab9d615ddc4c0f.jpg 360w\" sizes=\"(max-width: 300px) 100vw, 300px\" \/><\/a><br \/>\n<button class=\"button-partner\" style=\"vertical-align: middle;\">Zur Homepage <\/button><\/div>\n<div class=\"partner-beschreibung\">\n<p><strong>Zur Organisation<\/strong><\/p>\n<p>Mit mehr als 2,25 Millionen Mitgliedern ist die IG Metall die gr\u00f6\u00dfte Einzelgewerkschaft in Deutschland und ebenfalls die weltweit gr\u00f6\u00dfte demokratisch organisierte Arbeitnehmer*innenvertretung. Sie vertritt die Interessen von Arbeitnehmerinnen und Arbeitnehmern unter anderem in der Metall- und Elektroindustrie, der Eisen- und Stahlindustrie, in den Bereichen Holz\/Kunststoff, Textil\/Bekleidung, in zahlreichen Handwerksbereichen und damit verbundenen Dienstleistungen.<\/p>\n<p>Die IG Metall untersucht in ihrem Teilprojekt die Auswirkungen von KI-Anwendungen in B\u00fcroarbeitsprozessen bzw. bei sachbearbeitenden T\u00e4tigkeiten. Im Fokus stehen die Auswirkungen f\u00fcr die Besch\u00e4ftigten und wie sich Arbeitspl\u00e4tze und T\u00e4tigkeiten durch den Einsatz von KI-Anwendungen ver\u00e4ndern. Es werden Transferkonzepte f\u00fcr eine partizipative, mitbestimmte Arbeitsgestaltung beim Einsatz von KI-Systemen im B\u00fcro erarbeitet. Diese richten sich an kollektive Interessensvertreter*innen, Betriebsberater*innen und ehrenamtlich Aktive.<\/p>\n<\/div>\n<div class=\"partner-kontakt\">\n<p><strong>Anschrift<\/strong><\/p>\n<p>IG Metall Vorstand<br \/>\nWilhelm-Leuschner-Str. 79<br \/>\n60329 Frankfurt<\/p>\n<\/div>\n<\/section>\n<p><!-- igm --><\/p>\n<section id=\"input-stuttgart\" class=\"partner-spalten\">\n<div class=\"partner-logo\"><a href=\"https:\/\/www.input-consulting.de\/projekte\/smartaiwork.html\"><img decoding=\"async\" loading=\"lazy\" class=\"aligncenter size-full wp-image-672\" src=\"https:\/\/www.smart-ai-work.de\/wp-content\/uploads\/2018\/07\/Input-logo-web.png\" alt=\"\" width=\"260\" height=\"144\" \/><\/a><br \/>\n<button class=\"button-partner\" style=\"vertical-align: middle;\">Zur Homepage <\/button><\/div>\n<div class=\"partner-beschreibung\">\n<p><strong>Zur Organisation<\/strong><br \/>\nInput Consulting besch\u00e4ftigt sich als Beratungs- und Forschungsgesellschaft mit der Entwicklung der Arbeitswelt und des Dienstleistungssektors. Die Schwerpunktthemen sind der Wandel der Arbeit durch Technik und Digitalisierung, die sozio-\u00f6konomische Entwicklung des Dienstleistungssektors, die Entwicklung von Arbeitsbedingungen sowie die Arbeitsbeziehungen und Mitbestimmung.<\/p>\n<p>Input Consulting verfolgt im Projekt SmartAIwork die Ziele, T\u00e4tigkeitsbereiche in der Sachbearbeitung und bei wissensbasierten Arbeitsaufgaben zu identifizieren, die einer Anwendung k\u00fcnstlich intelligenter Technologien zug\u00e4nglich sind sowie Konzepte und praxistaugliche Gestaltungs- und Regulierungl\u00f6sungen zu entwickeln. Dies hinsichtlich der Gew\u00e4hrleistung einer guten Qualit\u00e4t der Arbeit im Kontext des Einsatzes intelligenter IT-Systeme.<\/p>\n<\/div>\n<div class=\"partner-kontakt\">\n<p><strong>Anschrift<\/strong><\/p>\n<p>Input Consulting<br \/>\nTheodor-Heuss-Str. 2<br \/>\n70174 Stuttgart<\/p>\n<\/div>\n<\/section>\n<section id=\"itb\" class=\"partner-spalten\">\n<div class=\"partner-logo\"><a href=\"https:\/\/www.itb.de\/projekte\/details\/smartaiwork.html\"><img decoding=\"async\" loading=\"lazy\" class=\"aligncenter size-full wp-image-661\" src=\"https:\/\/www.smart-ai-work.de\/wp-content\/uploads\/2021\/07\/Logo_itb-Karlsruhe_rgb-cfa58deb.png\" alt=\"\" width=\"140\" height=\"73\" \/><\/a><br \/>\n<button class=\"button-partner\" style=\"vertical-align: middle;\">Zur Homepage <\/button><\/div>\n<div class=\"partner-beschreibung\">\n<p><strong>Zur Organisation<\/strong><\/p>\n<p>Als Teil der Forschungseinrichtung des Deutschen Handwerks arbeitet das itb auf dem Gebiet der Unternehmensf\u00fchrung kleiner und mittlerer Unternehmen (KMU). Durch anwendungsbezogene Forschungs- und Transferarbeiten \u00fcbertr\u00e4gt es wissenschaftliche Erkenntnisse auf KMU, um daraus Empfehlungen f\u00fcr die Handlungstr\u00e4ger des Handwerks abzuleiten.<\/p>\n<p>Im Projekt \u00bbSmartAIwork\u00ab forscht das itb zum Einsatz <span class='tooltipsall tooltipsincontent classtoolTips0'>K\u00fcnstlicher Intelligenz<\/span> (KI) zur Unterst\u00fctzung der administrativen Abl\u00e4ufe in Betrieben. Auf Grundlage einer Bestandsaufnahme von KI in der B\u00fcroarbeit wird das itb die Thematik handwerksgerecht aufarbeiten und transferieren.<\/p>\n<\/div>\n<div class=\"partner-kontakt\">\n<p><strong>Anschrift<\/strong><\/p>\n<p>Institut f\u00fcr Technik der Betriebsf\u00fchrung<br \/>\nKriegsstra\u00dfe 103a<br \/>\n76135 Karlsruhe<\/p>\n<\/div>\n<\/section>\n<p><!-- itb --><\/p>\n<section id=\"pog\" class=\"partner-spalten\">\n<div class=\"partner-logo\"><a href=\"https:\/\/www.pog.eu\/de\/index.html\"><img decoding=\"async\" loading=\"lazy\" class=\"aligncenter wp-image-652 size-medium\" src=\"https:\/\/www.smart-ai-work.de\/wp-content\/uploads\/2018\/07\/POG-300x280.png\" alt=\"\" width=\"300\" height=\"280\" srcset=\"https:\/\/www.smart-ai-work.de\/wp-content\/uploads\/2018\/07\/POG-300x280.png 300w, https:\/\/www.smart-ai-work.de\/wp-content\/uploads\/2018\/07\/POG-768x718.png 768w, https:\/\/www.smart-ai-work.de\/wp-content\/uploads\/2018\/07\/POG-1024x957.png 1024w, https:\/\/www.smart-ai-work.de\/wp-content\/uploads\/2018\/07\/POG-570x533.png 570w, https:\/\/www.smart-ai-work.de\/wp-content\/uploads\/2018\/07\/POG.png 1468w\" sizes=\"(max-width: 300px) 100vw, 300px\" \/><\/a><br \/>\n<button class=\"button-partner\" style=\"vertical-align: middle;\">Zur Homepage <\/button><\/div>\n<div class=\"partner-beschreibung\">\n<p><strong>Zur Organisation<\/strong><\/p>\n<p>Die POG Pr\u00e4zisionsoptik Gera GmbH entwickelt, produziert und vertreibt kundenspezifische, pr\u00e4zisionsoptische Einzelteile, Komponenten und Ger\u00e4te f\u00fcr den gesamten optischen Spektralbereich. Das Produktportfolio reicht von klassischen Pr\u00e4zisionsoptikkomponenten bis hin zu Mikrostrukturierter Optik und komplexen optischen und opto-elektronischen Systemen f\u00fcr Anwendungen in unterschiedlichen industriellen Bereichen.<\/p>\n<p>Im Pilotprojekt der POG Pr\u00e4zisionsoptik Gera GmbH, dem Unternehmenspartner aus dem Produktionsbereich, wird eine L\u00f6sung f\u00fcr den produktivit\u00e4tssteigernden Einsatz von KI-Technologien in einem ausgew\u00e4hlten Sachbearbeitungsprozess der Auftragsabwicklung entwickelt und pilotiert.<\/p>\n<\/div>\n<div class=\"partner-kontakt\">\n<p><strong>Anschrift<\/strong><\/p>\n<p>POG Pr\u00e4zisionsoptik Gera GmbH<br \/>\nGewerbepark Keplerstra\u00dfe 35<br \/>\n07549 Gera<\/p>\n<\/div>\n<\/section>\n<p><!-- pog --><\/p>\n<section id=\"wsw\" class=\"partner-spalten\">\n<div class=\"partner-logo\"><a href=\"https:\/\/www.wsw-online.de\"><img decoding=\"async\" loading=\"lazy\" class=\"aligncenter size-medium wp-image-653\" src=\"https:\/\/www.smart-ai-work.de\/wp-content\/uploads\/2018\/07\/wsw-300x108.png\" alt=\"\" width=\"300\" height=\"108\" \/><\/a><br \/>\n<button class=\"button-partner\" style=\"vertical-align: middle;\">Zur Homepage <\/button><\/div>\n<div class=\"partner-beschreibung\">\n<p><strong>Zur Organisation<\/strong><\/p>\n<p>Die WSW Wuppertaler Stadtwerke GmbH ist die Holding des kommunalen Versorgungs- und Verkehrsdienstleistungsunternehmens der Stadt Wuppertal. Die Gesch\u00e4ftsfelder des Unternehmens gliedern sich in die Sparten Energieversorgung (Strom, Gas, Fernw\u00e4rme), \u00d6ffentlicher Personennahverkehr, Abfallentsorgung und Stadtentw\u00e4sserung.<\/p>\n<p>Im Verbundprojekt \u00bbSmartAIwork\u00ab konzipieren und entwickeln wir eine L\u00f6sung f\u00fcr den produktivit\u00e4tssteigernden und qualit\u00e4tssteigernden Einsatz von KI-Technologien im Beschwerdemanagement. Unsere Aufgaben umfassen u.a. die Informationsverarbeitung vorhandener Daten und einer Umsetzungsstrategie f\u00fcr eine Pilotanwendung.<\/p>\n<\/div>\n<div class=\"partner-kontakt\">\n<p><strong>Anschrift<\/strong><\/p>\n<p>WSW Wuppertaler Stadtwerke GmbH<br \/>\nSch\u00fctzenstra\u00dfe 34<br \/>\n42281 Wuppertal<\/p>\n<\/div>\n<\/section>\n<p><!-- wsw --><\/p>\n<script type=\"text\/javascript\"> toolTips('.classtoolTips0','Als K\u00fcnstliche Intelligenz (KI) bezeichnen wir im Projekt SmartAIwork IT-L\u00f6sungen und Methoden, die selbstst\u00e4ndig Aufgaben erledigen wobei die der Verarbeitung zugrundeliegenden Regeln nicht explizit durch den Menschen vorgegeben sind. Bisher erforderten diese Aufgaben menschliche Intelligenz und dynamische Entscheidungen. Jetzt \u00fcbernimmt dies Ki und lernt anhand von Daten Auftr\u00e4ge und Arbeitsabl\u00e4ufe besser zu erledigen.<br\/>Ans\u00e4tze zur Automatisierung sind dann KI-induziert, wenn sie (a) die obige KI-Definition erf\u00fcllen oder (b) KI-Aspekte beinhalten. Als KI-Aspekte werden Ans\u00e4tze betrachtet, die eigenst\u00e4ndig Daten verarbeiten, bzw. in Form einer \u201eInferenzmethode\u201c neues Expertenwissen aus bestehendem Expertenwissen, als Schlussfolgerung, abgeleitet werden kann.'); <\/script>","protected":false},"excerpt":{"rendered":"<p>Zur Homepage Zur Organisation Das Fraunhofer IAO besch\u00e4ftigt sich mit der integrierten Planung und Optimierung innovativer Produkte und Dienstleistungen unter Ber\u00fccksichtigung von Mensch, Organisation, Technik und Umwelt. Dabei nimmt die, mit Unternehmen, Institutionen und Einrichtungen der \u00f6ffentlichen Hand stattfindende Entwicklung von Strategien, Gesch\u00e4ftsmodellen sowie Arbeitsgestaltungs- und Qualifizierungsl\u00f6sungen f\u00fcr die digitale Transformation breiten Raum ein. Im [&hellip;]<\/p>\n","protected":false},"author":5,"featured_media":0,"parent":0,"menu_order":0,"comment_status":"closed","ping_status":"closed","template":"","meta":[],"_links":{"self":[{"href":"https:\/\/www.smart-ai-work.de\/index.php\/wp-json\/wp\/v2\/pages\/52"}],"collection":[{"href":"https:\/\/www.smart-ai-work.de\/index.php\/wp-json\/wp\/v2\/pages"}],"about":[{"href":"https:\/\/www.smart-ai-work.de\/index.php\/wp-json\/wp\/v2\/types\/page"}],"author":[{"embeddable":true,"href":"https:\/\/www.smart-ai-work.de\/index.php\/wp-json\/wp\/v2\/users\/5"}],"replies":[{"embeddable":true,"href":"https:\/\/www.smart-ai-work.de\/index.php\/wp-json\/wp\/v2\/comments?post=52"}],"version-history":[{"count":60,"href":"https:\/\/www.smart-ai-work.de\/index.php\/wp-json\/wp\/v2\/pages\/52\/revisions"}],"predecessor-version":[{"id":2033,"href":"https:\/\/www.smart-ai-work.de\/index.php\/wp-json\/wp\/v2\/pages\/52\/revisions\/2033"}],"wp:attachment":[{"href":"https:\/\/www.smart-ai-work.de\/index.php\/wp-json\/wp\/v2\/media?parent=52"}],"curies":[{"name":"wp","href":"https:\/\/api.w.org\/{rel}","templated":true}]}}